git of 347233?
3
What is the hundred thousands digit of 3392754?
3
What is the units digit of 1121366?
6
What is the thousands digit of 156518?
6
What is the millions digit of 2654585?
2
What is the thousands digit of 2168757?
8
What is the millions digit of 6050541?
6
What is the ten millions digit of 14007472?
1
What is the hundred thousands digit of 412174?
4
What is the units digit of 2792556?
6
What is the hundreds digit of 3571779?
7
What is the millions digit of 8229023?
8
What is the units digit of 163880?
0
What is the hundreds digit of 849881?
8
What is the hundred thousands digit of 12752491?
7
What is the thousands digit of 2476473?
6
What is the hundreds digit of 13054359?
3
What is the units digit of 3751171?
1
What is the units digit of 187676?
6
What is the hundreds digit of 885645?
6
What is the hundred thousands digit of 396838?
3
What is the thousands digit of 193827?
3
What is the tens digit of 169335?
3
What is the millions digit of 1504392?
1
What is the hundreds digit of 2704500?
5
What is the hundred thousands digit of 158647?
1
What is the units digit of 2721960?
0
What is the tens digit of 167590?
9
What is the units digit of 592119?
9
What is the hundred thousands digit of 10678605?
6
What is the tens digit of 9142172?
7
What is the millions digit of 1766831?
1
What is the thousands digit of 573761?
3
What is the hundred thousands digit of 1650610?
6
What is the hundreds digit of 93216?
2
What is the hundreds digit of 198397?
3
What is the hundreds digit of 1704273?
2
What is the millions digit of 10572925?
0
What is the ten thousands digit of 10221637?
2
What is the hundreds digit of 3234314?
3
What is the hundred thousands digit of 3217562?
2
What is the ten thousands digit of 125854?
2
What is the tens digit of 10819476?
7
What is the hundred thousands digit of 119337?
1
What is the thousands digit of 217113?
7
What is the tens digit of 1010373?
7
What is the hundreds digit of 513578?
5
What is the ten thousands digit of 100841?
0
What is the thousands digit of 40795?
0
What is the ten thousands digit of 52320?
5
What is the thousands digit of 859318?
9
What is the tens digit of 431917?
1
What is the hundred thousands digit of 103820?
1
What is the hundred thousands digit of 5206668?
2
What is the ten thousands digit of 1608159?
0
What is the hundreds digit of 20095942?
9
What is the hundred thousands digit of 1166274?
1
What is the thousands digit of 670901?
0
What is the thousands digit of 583227?
3
What is the units digit of 98685?
5
What is the tens digit of 4197267?
6
What is the units digit of 456529?
9
What is the hundreds digit of 320179?
1
What is the tens digit of 3715042?
4
What is the ten millions digit of 12135555?
1
What is the ten thousands digit of 1127466?
2
What is the millions digit of 5283027?
5
What is the hundreds digit of 25216?
2
What is the thousands digit of 3082848?
2
What is the hundreds digit of 47816?
8
What is the hundreds digit of 4803460?
4
What is the hundreds digit of 5824235?
2
What is the ten thousands digit of 1254692?
5
What is the ten thousands digit of 3207542?
0
What is the tens digit of 5610872?
7
What is the ten thousands digit of 985956?
8
What is the hundreds digit of 209812?
8
What is the ten thousands digit of 247768?
4
What is the ten millions digit of 22740692?
2
What is the thousands digit of 6356250?
6
What is the hundred thousands digit of 5338014?
3
What is the hundred thousands digit of 4238855?
2
What is the units digit of 1136334?
4
What is the hundreds digit of 398972?
9
What is the thousands digit of 144447?
4
What is the tens digit of 721820?
2
What is the thousands digit of 135914?
5
What is the millions digit of 4601236?
4
What is the units digit of 1334245?
5
What is the thousands digit of 1289416?
9
What is the tens digit of 3554021?
2
What is the hundreds digit of 24242869?
8
What is the hundreds digit of 36406?
4
What is the ten thousands digit of 100710?
0
What is the thousands digit of 161175?
1
What is the millions digit of 12826655?
2
What is the hundreds digit of 38174716?
7
What is the hundred thousands digit of 1891375?
8
What is the hundreds digit of 280161?
1
What is the ten thousands digit of 573858?
7
What is the ten millions digit of 17660959?
1
What is the tens digit of 2666960?
6
What is the hundreds digit of 13991822?
8
What is the units digit of 2432009?
9
What is the hundred thousands digit of 216828?
2
What is the thousands digit of 8944258?
4
What is the hundreds digit of 1016071?
0
What is the units digit of 29271747?
7
What is the ten thousands digit of 3855323?
5
What is the millions digit of 3139013?
3
What is the thousands digit of 190744?
0
What is the thousands digit of 670833?
0
What is the units digit of 4982345?
5
What is the ten thousands digit of 8119990?
1
What is the hundred thousands digit of 1607402?
6
What is the tens digit of 85102?
0
What is the ten millions digit of 16003316?
1
What is the ten thousands digit of 2805276?
0
What is the thousands digit of 571876?
1
What is the ten thousands digit of 272274?
7
What is the hundreds digit of 5758547?
5
What is the hundreds digit of 18400398?
3
What is the ten thousands digit of 15952366?
5
What is the millions digit of 7215008?
7
What is the units digit of 302652?
2
What is the thousands digit of 117128?
7
What is the hundreds digit of 21912787?
7
What is the ten thousands digit of 941338?
4
What is the units digit of 602878?
8
What is the millions digit of 1122982?
1
What is the ten thousands digit of 5222176?
2
What is the millions digit of 1147956?
1
What is the hundreds digit of 457819?
8
What is the thousands digit of 4750010?
0
What is the thousands digit of 112412?
2
What is the ten thousands digit of 17915784?
1
What is the ten thousands digit of 17966714?
6
What is the tens digit of 521753?
5
What is the millions digit of 20925098?
0
What is the hundreds digit of 78057?
0
What is the millions digit of 1898277?
1
What is the hundreds digit of 77005?
0
What is the ten thousands digit of 4398266?
9
What is the units digit of 81224?
4
What is the units digit of 131345?
5
What is the ten thousands digit of 166136?
6
What is the ten thousands digit of 1622821?
2
What is the hundred thousands digit of 797444?
7
What is the hundred thousands digit of 12361445?
3
What is the units digit of 473967?
7
What is the thousands digit of 25121?
5
What is the thousands digit of 425054?
5
What is the tens digit of 3107622?
2
What is the hundred thousands digit of 5202163?
2
What is the tens digit of 359559?
5
What is the tens digit of 3083461?
6
What is the tens digit of 931001?
0
What is the tens digit of 110043?
4
What is the hundred thousands digit of 7245741?
2
What is the hundreds digit of 405016?
0
What is the hundreds digit of 314553?
5
What is the ten thousands digit of 1660882?
6
What is the hundreds digit of 18277147?
1
What is the hundred thousands digit of 224738?
2
What is the tens digit of 1694646?
4
What is the units digit of 385811?
1
What is the hundred thousands digit of 568127?
5
What is the hundred thousands digit of 123892?
1
What is the tens digit of 6877630?
3
What is the hundreds digit of 283708?
7
What is the hundreds digit of 850838?
8
What is the units digit of 5732205?
5
What is the units digit of 13168?
8
What is the thousands digit of 9733630?
3
What is the ten thousands digit of 232530?
3
What is the millions digit of 5381019?
5
What is the ten thousands digit of 6441846?
4
What is the units digit of 635303?
3
What is the units digit of 5890849?
9
What is the ten thousands digit of 2207255?
0
What is the hundreds digit of 6468?
4
What is the thousands digit of 8692458?
2
What is the units digit of 2235441?
1
What is the hundred thousands digit of 393822?
3
What is the hundreds digit of 4208891?
8
What is the units digit of 16370251?
1
What is the hundreds digit of 2103284?
2
What is the thousands digit of 1070506?
0
What is the thousands digit of 168263?
8
What is the hundred thousands digit of 18630299?
6
What is the units digit of 158761?
1
What is the hundreds digit of 210298?
2
What is the units digit of 12945024?
4
What is the hundred thousands digit of 394766?
3
What is the units digit of 418207?
7
What is the hundred thousands digit 